q + n = -38. Let b = -2 - q. Suppose 0 = -5*g + 2*o + 96, 25*g = 24*g + 5*o + 33. Calculate the highest common factor of g and b.
18
Let p = 6 - 1. Suppose 0 = -2*v + 4, 2*t + 90 = 4*t + p*v. Suppose n - t = -0*n. Calculate the greatest common divisor of 5 and n.
5
Suppose 3*j - 190 + 46 = 0. Let y be (-6)/(-15) + 112/20. What is the greatest common factor of y and j?
6
Let x(w) = 39*w + 4. Let c(k) = 3*k. Let v be c(3). Suppose 6 = 5*a - v. Let y be x(a). Calculate the highest common factor of 11 and y.
11
Let t = 16 + -4. What is the greatest common factor of t and 20?
4
Let j(l) = -5*l - 24. Let s be j(-8). What is the highest common divisor of s and 48?
16
Suppose -5*r - 3*o = o - 21, -2*o = 2*r - 8. Suppose -45 = r*a - 8*a. What is the highest common factor of a and 60?
15
Let v be 4/(-3)*297/(-6). Suppose z = 2*z - v. Let l be 1/2 + z/4. Calculate the greatest common divisor of 17 and l.
17
Let t(f) = -f**2 - 17*f + 10. Let g be t(-10). What is the highest common factor of 20 and g?
20
Suppose i + 10 = -5*a, -3*a - 12 = -2*i + 7. What is the highest common divisor of 55 and i?
5
Suppose 2*k - y = -0*y + 695, 0 = -4*y + 4. Let c = -165 + k. Let w = -98 + c. What is the highest common factor of w and 34?
17
Suppose -5*x - 6 = 9. Let i(q) = -q**2 - q. Let j be i(x). Let p be 4 - 7 - j/1. What is the highest common factor of p and 3?
3
Let k = -1 - -12. Let x be (-1161)/(-15) + 4/(-10). What is the greatest common factor of x and k?
11
Let s(p) = 2*p - 5. Let h be s(4). Suppose 2*x = h*x - 80. What is the highest common factor of 20 and x?
20
Suppose 5*t = -2*f + 145, 2*t = 3*t - 5*f - 2. Suppose 5*u - t = 78. Calculate the highest common factor of u and 231.
21
Let k = -2 + 2. Let u be 36*(1 + k/(-1)). Suppose 0 = -4*a + 67 + 5. What is the greatest common factor of a and u?
18
Suppose -p + 5 + 5 = -o, 2*p = -5*o - 43. Let i = 14 + o. Let t = 46 - 26. Calculate the greatest common divisor of t and i.
5
Let b = 7 - 5. Suppose -b*f + t + 0*t = -237, 560 = 5*f + 4*t. Calculate the greatest common factor of f and 29.
29
Let d(c) = -20*c**3 - c**2 - 5*c - 6. Let i be d(-2). Calculate the highest common divisor of 64 and i.
32
Let g be (33/6 - 0)*2. Let q(c) = -2*c - 2. Let j be q(-3). Let m = j + g. Calculate the greatest common factor of 5 and m.
5
Let f = -19 - -26. What is the highest common factor of f and 1?
1
Suppose 138 = -3*y + 45. Let h = y - -44. Suppose -v = c + 4*v - 3, 4*v + 60 = 4*c. Calculate the greatest common divisor of h and c.
13
Suppose -5*m - 3*y + 2*y = -20, 20 = m - 3*y. What is the highest common divisor of 15 and m?
5
Let p = 3 + -4. Let b = p + 11. Suppose -2*w - r = -0*w - b, -2*r = -2*w + 16. Calculate the highest common divisor of 66 and w.
6
Let z(w) = 3*w**3 + 3*w**2 - 2*w + 2. Let c be z(2). What is the greatest common divisor of c and 85?
17
Suppose -u + 12 = 3*o + 2*u, -5*o + u + 50 = 0. Let b = -502 - -508. Calculate the greatest common divisor of o and b.
3
Suppose i - 51 = -f, 3*f - 7*f - 2*i + 210 = 0. Calculate the highest common factor of 36 and f.
18
Suppose 839 = 4*j - 37. Let y = j - 120. Calculate the greatest common divisor of y and 11.
11
Let h be -3 - 36/(-8)*14/1. Calculate the greatest common divisor of 150 and h.
30
Let s(m) = -m**3 - 5*m**2 - 7. Let r be s(-5). Let i = 16 + r. Calculate the greatest common divisor of 9 and i.
9
Let p = 45 - 85. Suppose l - 6 = -1. Let q be p/(-6)*6/l. What is the greatest common divisor of q and 72?
8
Let c(d) = d**2 + d + 3. Let u be c(0). Let b be (-11)/(-33) - (-26)/u. What is the highest common factor of b and 99?
9
Suppose -p + 1 = -v, -5*v + 4*v = -5*p + 17. Let y be (-2)/(-1) + -2 + 1. Calculate the highest common divisor of y and p.
1
Let k be -30 - 1/(3/(-12)). Let d = -21 - k. Suppose -3*h + h + 2 = 0. Calculate the greatest common factor of h and d.
1
Let h = -48 - -98. Let s = -24 + h. What is the highest common divisor of 208 and s?
26
Let l be 1 + -1 + (0 - -153). What is the highest common divisor of 17 and l?
17
Suppose -3*i + 0*i = -27. Let u = i - 23. Let t = 27 + u. What is the greatest common factor of 143 and t?
13
Let w(p) = 6*p - 5. Let y be w(10). Let t be (5 - 4) + (-1)/(-1). Suppose 4*v = 3*b + 20, v + 2*v - 15 = t*b. Calculate the highest common factor of y and v.
5
Suppose 4*z - 51 = 3*x, 28 = 2*z - 5*x - 15. Let n be 0 - 0 - 72/(-1). Calculate the highest common factor of n and z.
9
Suppose 2*m - 32 = 16. Calculate the greatest common divisor of 6 and m.
6
Suppose 11*w - 108 = 2*w. Calculate the greatest common factor of w and 42.
6
Let k be 3 + (-2 - 4)*3. Let q be (k/9 + 1)*-57. Suppose 5*j - q = 12. What is the highest common divisor of j and 2?
2
Let n be ((-1)/2)/((-2)/(-16)). Let p(h) = 6*h**2 + h - 2. Let u be p(n). What is the highest common factor of u and 18?
18
Let j(w) = w**2 - 2*w - 4. Let d be j(-5). Suppose 0 = 5*y - d - 19. What is the greatest common factor of 80 and y?
10
Let x(v) = -v**3 - 7*v**2 + 7*v. Let q be x(-8). Suppose o + 124 = q. Let r = -62 - o. What is the highest common divisor of r and 135?
27
Let z(l) = l**2 - 7. Let h(a) = -8*a**2 + 64. Let t(f) = 3*h(f) + 28*z(f). Let y be t(3). Calculate the greatest common divisor of y and 8.
8
Let r(a) = -a**3 + 13*a**2 + a - 4. Let u be r(13). Calculate the greatest common divisor of 27 and u.
9
Let y be 5 + (126 - 3 - 2). Suppose 0*z + g + 53 = 4*z, -2*g + 48 = 3*z. Calculate the highest common divisor of z and y.
14
Let s = 1 + 8. Suppose -13 = 4*p - 109. Suppose -5*t + p = -t. Calculate the highest common factor of s and t.
3
Suppose -m + 204 = 3*m. Suppose 3*a + a = 0. Let x(r) = r**2 + r + 17. Let y be x(a). What is the greatest common divisor of y and m?
17
Let i be -24*(0 - (-2)/(-4)). Suppose -4*o = 2*b - 20, -5*b = -0*b - 5*o - 5. What is the greatest common factor of b and i?
4
Let w = -1 - -16. Suppose -58 = -v + 5*j + w, 3*v - j = 191. Calculate the highest common factor of v and 9.
9
Let m = 185 - 100. What is the greatest common divisor of 34 and m?
17
Let x(k) = k**2 - 3*k - 7. Let l be x(5). What is the greatest common divisor of l and 39?
3
Let q(o) = -6*o + 1. Let j(f) = 3*f - 1. Let v(l) = 5*j(l) + 2*q(l). Let a be v(5). What is the highest common factor of 96 and a?
12
Suppose -4*g = d - 7, 9*g = 4*d + 4*g - 7. Suppose 5 = 2*k + d*k. Let f be (-14)/4*(-3 + k). Calculate the highest common divisor of 28 and f.
7
Let r = -9 + 9. Suppose -3*n - 2*v = -6*v - 62, r = 5*v - 20. Calculate the highest common factor of 26 and n.
26
Let p = 235 + -137. Let l(i) be the second derivative of i**3/6 + 13*i**2 + 7*i. Let d be l(-12). Calculate the greatest common divisor of p and d.
14
Let o(h) = -73*h - 6. Let z be o(-6). Suppose 0 = -5*s + 543 + z. Suppose -3*n = -0*n - s. Calculate the greatest common factor of n and 26.
13
Suppose 0 = 3*a - 4*a + 3. Let m be (-1)/((a/(-33))/1). Let k = -24 + 35. Calculate the highest common factor of m and k.
11
Suppose 0 = 3*f - 9, s + 5*f = 7 + 10. Suppose -5*c + 96 = -v, 0 = 2*c - s*v - 19 - 21. Let x be 11/((-1)/19*-1). What is the greatest common factor of c and x?
19
Suppose 3*v - 5*q - 25 = -0*q, -2*v + 5*q + 20 = 0. Let i = 10 - v. Suppose y = -4*y + u + 54, 3*u + 42 = 3*y. Calculate the highest common factor of i and y.
5
Let v be (-1544)/(-20) - 4/20. Calculate the greatest common factor of v and 22.
11
Let n be -6 + 19 + (-2 - 3 - -2). Suppose g + 2*g - 120 = 0. What is the greatest common factor of n and g?
10
Let z = -329 + 332. Let f be -1 - (-6 + 1) - -1. Suppose -3*a - f*l + 70 = 0, -7 = 3*l - 22. What is the greatest common factor of a and z?
3
Let a(k) = 3*k**2 + k - 1. Let q be a(1). Suppose -4*y = 17 - 1. Let u = 16 + y. What is the greatest common divisor of q and u?
3
Let h = 66 - 68. Suppose 5*m + 5*s - s = -9, 5*s = -4*m - 9. Let w be (-1)/(m/(-22)*h). What is the highest common factor of 99 and w?
11
Let w be 36/90*5/2 - -65. What is the highest common factor of w and 22?
22
Let k = -42 + 60. Calculate the greatest common divisor of k and 27.
9
Let i(r) = -r**3 + 10*r**2 - r + 14. Let h be i(10). Suppose 7*t - h*t = -3*m + 30, 4*m - 5*t = 31. Calculate the greatest common divisor of 81 and m.
9
Suppose 10 = 5*r, -3*z + 17 = -2*r - 78. Calculate the highest common factor of 11 and z.
11
Su